hest common factor of 913 and n.
83
Suppose 28 = 5*a - a. Suppose -9*w - 175 = -10*w. Let q be ((-21)/(-15))/(-1*(-7)/w). What is the highest common factor of q and a?
7
Let j = 722 + -403. Let b(a) = -a**3 - 13*a**2 + 12*a + 1. Let i = -49 - -35. Let u be b(i). What is the highest common factor of u and j?
29
Suppose -t - 4*v = -8*v - 72, 75 = t - 5*v. Let b = -47 + t. What is the highest common divisor of 221 and b?
13
Let i be (-1)/2 + 51/2. Let j = -340 - -345. Suppose -5*w - 5*p + 70 = 0, -5*w + 30 = -4*w + j*p. Calculate the highest common factor of i and w.
5
Suppose -z - 72*j = -73*j - 137, 3*j = z - 131. Let r be -3 - (-5)/(25/540). Calculate the greatest common divisor of z and r.
35
Suppose 0*h = 2*c - 2*h - 158, -152 = -2*c - h. What is the greatest common factor of 33 and c?
11
Let b = -13 + 19. Let i = 32 - b. Let l = 30 - i. What is the greatest common factor of l and 44?
4
Let g(b) = 6*b**2 + 23*b - 2. Let p be g(-4). Suppose 494 = m - d + p*d, 0 = 3*m - d - 1486. What is the highest common divisor of m and 55?
55
Suppose -c + 2*u + 72 = 0, -2*c + 134 = -0*c + u. Let m(a) = -5 + 12 + 98*a**2 - 99*a**2 - 7*a. Let z be m(-5). Calculate the highest common factor of c and z.
17
Let x be ((-48)/(-36) - 2)/(1/12). Let s be (7 - (-62)/x)*-96. What is the greatest common factor of s and 64?
8
Let x = -2234 + 2306. What is the highest common divisor of x and 1800?
72
Suppose 0 = -91*m - 144649 + 563704. What is the greatest common divisor of m and 15?
15
Let a(l) = -203*l + 7. Let o be a(-1). Let m = 222 - o. What is the highest common divisor of m and 12?
12
Let j = -5030 - -5175. Calculate the highest common factor of 841 and j.
29
Let f(y) be the second derivative of -y**3/2 + 183*y**2/2 - 7*y. Let r be f(5). Let b be 2/4 - (-166)/4. What is the highest common factor of r and b?
42
Let f be -4 + 4*(-28)/(-16). Let n(i) = -i**f + 18 + 4 + 12*i + 10*i**2 - 13. Let j be n(11). Calculate the highest common factor of j and 180.
20
Let y be 4528/324 - (-350)/14175. Let a = 840 - 392. What is the highest common factor of a and y?
14
Suppose -3*y = -2*w - 325, 0 = -4*y + 16*w - 13*w + 435. Suppose -44*p = -50*p + 126. Calculate the greatest common factor of p and y.
21
Let j be 5/1*(-4)/(-5). Suppose j*h = 21 + 27. Suppose 15*s + 39 = 84. Calculate the highest common divisor of s and h.
3
Let x(r) = r**3 + 36*r**2 + 73*r - 25. Let c be x(-22). What is the highest common factor of 21 and c?
21
Let c(v) = -14*v**3 - 2*v - 1. Let r be c(-1). Let i be (-50)/(65/(-468) + (-1)/(-9)). Suppose -11*s = 150 - i. Calculate the greatest common factor of s and r.
15
Let z(q) = -3*q**2 - 17*q + 2. Let o be z(-5). Let j be 1*3 + (37 - 10). What is the highest common divisor of o and j?
6
Suppose -12 = 2*a + z - 83, a + 5*z = 40. What is the highest common factor of a and 5740?
35
Let c(s) = s**3 + 18*s**2 + 39*s - 68. Let m be c(-13). Calculate the highest common factor of m and 2250.
90
Let i = 165 - 115. Suppose -52*l = -i*l - 30. Calculate the highest common divisor of l and 15.
15
Let x be 1 + (-1 - (-1)/1). Let d(p) = 9*p**2 + 2*p - 3. Let s be d(x). Let f be (s/20 + 0)*945. What is the greatest common divisor of f and 42?
42
Let l be (-8218)/(-42) + (-1)/(-3). Calculate the greatest common factor of 11564 and l.
196
Suppose 0 = 3*d + 4*x - 9979 + 1734, -x + 11028 = 4*d. Calculate the greatest common divisor of 534 and d.
89
Let y = 4712 - 4412. Calculate the highest common divisor of 255 and y.
15
Let q be -40 + (1 + 0 - 2). Let s = -23 - q. Suppose 6*k = 10*k + 58*k - 2232. What is the greatest common factor of k and s?
18
Suppose -8*o + 4*o + v = 305, -2*v + 385 = -5*o. Let h be (4 + -5 - o) + 0. Calculate the greatest common factor of 148 and h.
74
Let r(f) = 1509*f - 187. Let u be r(3). Calculate the greatest common divisor of u and 126.
14
Suppose -5*y = -2*u + 98 - 80, -6 = -3*u - 3*y. Suppose 0 = -u*p - 46 + 150. Calculate the highest common factor of 13 and p.
13
Suppose -2*l = 5*l - 42. Let b(z) = z**3 - 5*z**2 - 7*z + 2. Let f be b(l). Let x = 69 + f. What is the greatest common factor of x and 13?
13
Let f be ((-13)/(-4) - 4) + 695/20 + -2. Calculate the highest common divisor of 1152 and f.
32
Let r(m) = -m**3 + 89*m**2 - 174*m + 56. Let s be r(87). Calculate the highest common divisor of 6776 and s.
56
Let k(a) = 145*a**3 - a. Let n be k(1). Let g be (-4)/(-6)*(6 - -6). Suppose g*h + n = 9*h. What is the highest common factor of h and 9?
9
Suppose c + 56*v - 53*v = 448, -2*v - 2138 = -5*c. Calculate the greatest common divisor of 90 and c.
10
Let b(o) = 2*o**2 + 27*o - 16. Let l be b(-15). Let w = l - 17. Calculate the greatest common factor of w and 180.
12
Let a = 21 + -3. Let u(x) = -2 - 53*x**3 - 32*x**3 - x + 2*x**2 + 41*x**3 + 0. Let q be u(-1). Calculate the greatest common divisor of q and a.
9
Let c = 361756 + -361713. Let s = -11 - -54. What is the highest common factor of s and c?
43
Suppose 24*x - 30*x + 540 = 0. Suppose -16*v + 390 = -x. What is the highest common divisor of 40 and v?
10
Let z be ((-87)/(-174))/(((-2)/(-72))/1). Let o be 90/z*(13 + -1). What is the greatest common divisor of 150 and o?
30
Suppose 0 = 5*h - 870 - 75. Let y be 11/11 + 33 + 8. What is the highest common factor of y and h?
21
Suppose -160*c + 68448 = -69152. Calculate the highest common factor of 5332 and c.
172
Let b(v) = 2*v + 541. Let a be b(44). What is the highest common factor of a and 407?
37
Suppose 129*v - 12456 - 7494 - 29973 = 0. Calculate the greatest common factor of v and 43.
43
Let f(o) = 2*o**2 - o - 1. Let d be f(2). Let l be ((-707)/21)/(7/63). Let w = -298 - l. What is the greatest common divisor of w and d?
5
Suppose 4*g = 3*s + 4532, 66*s = 62*s + 32. What is the highest common divisor of g and 323?
17
Let o = -4617 + 4626. What is the greatest common divisor of 2259 and o?
9
Let n be 6990*(343/35 - 8). What is the greatest common factor of n and 54?
54
Let y be (-4)/(-8)*435*18/15. Let c = 944 - 917. Calculate the greatest common divisor of c and y.
9
Let f be (-33)/22*22800/(-36). Calculate the greatest common factor of f and 38.
38
Suppose 42 = 2*d - 5*v, -2*d - v + 38 = -5*v. Let s = -4884 + 3432. Let q be (-3)/(-2)*s/(-18). What is the highest common divisor of d and q?
11
Let l(y) = -y**3 - 52*y**2 - 587*y + 55. Let d be l(-38). What is the highest common factor of d and 390?
195
Suppose 0 = 71*w - 68*w - 5*s + 6, -12 = w - 5*s. What is the greatest common divisor of w and 1227?
3
Let k = 440229 - 440209. Let s be (124 - 1)*10/3. What is the highest common divisor of s and k?
10
Suppose -17*o - 87*o - 28701 = -120221. Calculate the highest common factor of 4510 and o.
110
Let z(c) = -2*c**3 - 48*c**2 - 46*c + 5. Let q be z(-23). Suppose 3*u = g - 214 - 800, q*g + 3*u = 5070. What is the highest common factor of g and 78?
78
Let w(l) = 18*l - 236. Let u be w(22). Calculate the highest common divisor of u and 1040.
80
Let z(o) = -o**3 + 14*o**2 - 12*o + 33. Let n(a) = -a**3 + 6*a**2 + 8*a - 52. Let u be n(5). Let t be z(u). Calculate the highest common factor of t and 414.
46
Let h = -77 + 83. Suppose -z + h = 2*q, q = -4*z - 2 + 40. Suppose 0 = -11*c + 591 - 41. What is the greatest common divisor of z and c?
10
Let o(c) = -6*c**2 + 48*c - 231. Let j(w) = w**2 - 10*w + 46. Let b(v) = 11*j(v) + 2*o(v). Let z be b(-10). Calculate the greatest common divisor of z and 60.
12
Suppose q = -w + 61, -3*q + 261 = 5*w - 9*q. Calculate the greatest common divisor of 1957 and w.
19
Let g(p) be the first derivative of -2*p**3/3 - 15*p**2 + 9*p + 75. Let h be g(-15). Calculate the greatest common factor of 63 and h.
9
Let k(a) = a**3 - 26*a**2 - 1536*a + 40. Let h be k(-27). Calculate the greatest common factor of h and 625.
125
Suppose 15*k + 55 - 1360 = 0. What is the highest common factor of k and 48?
3
Let i(d) = 3*d**3 + 81*d**2 + 81*d + 147. Let x be i(-26). Calculate the greatest common divisor of x and 7107.
69
Let a(g) be the second derivative of -5/2*g**3 + 11/2*g**2 - 44*g + 0. Let r be a(-3). What is the greatest common factor of r and 16?
8
Suppose 81*o - 5*f = 79*o + 1020, 0 = 2*o - f - 1036. Calculate the greatest common factor of o and 72.
8
Suppose 0 = 4*b - 11 - 21. Suppose 624 = 2*q - 2*r, q - 282 - 14 = -3*r.